{"id":21,"date":"2023-08-28T18:12:33","date_gmt":"2023-08-28T16:12:33","guid":{"rendered":"https:\/\/chraftwerkbrass.ch\/?page_id=21"},"modified":"2023-09-28T22:18:54","modified_gmt":"2023-09-28T20:18:54","slug":"ueber-uns","status":"publish","type":"page","link":"https:\/\/chraftwerkbrass.ch\/?page_id=21","title":{"rendered":"\u00dcber uns"},"content":{"rendered":"\n<p>Im Jahr 2016 wurde CHraftwerk Brass gegr\u00fcndet. Die Idee war einfach und simpel. Ein Haufen aus jung und junggebliebenen Musikanten treffen sich, um in einer kleinen Gruppe ihr Hobby zu fr\u00f6nen, die Blasmusik. Ungezwungen und ohne wirkliche Ambitionen konnten in den vergangenen Jahren trotzdem immer wie mehr Konzerte realisiert werden. Die gespielte Literatur mischt sich aus traditionell b\u00f6hmisch und m\u00e4hrischen Kl\u00e4ngen bis hin zu Pop und Rock Medley\u2019s. Bei CHraftwerk Brass kommen alle Zuschauer auf ihre Kosten.<\/p>\n","protected":false},"excerpt":{"rendered":"<p>Im Jahr 2016 wurde CHraftwerk Brass gegr\u00fcndet. Die Idee war einfach und simpel. Ein Haufen aus jung und junggebliebenen Musikanten treffen sich, um in einer kleinen Gruppe ihr Hobby zu fr\u00f6nen, die Blasmusik. Ungezwungen und ohne wirkliche Ambitionen konnten in den vergangenen Jahren trotzdem immer wie mehr Konzerte realisiert werden. Die gespielte Literatur mischt sich [&hellip;]<\/p>\n","protected":false},"author":2,"featured_media":0,"parent":0,"menu_order":0,"comment_status":"closed","ping_status":"closed","template":"","meta":{"hide_page_title":"","_coblocks_attr":"","_coblocks_dimensions":"","_coblocks_responsive_height":"","_coblocks_accordion_ie_support":"","footnotes":""},"_links":{"self":[{"href":"https:\/\/chraftwerkbrass.ch\/index.php?rest_route=\/wp\/v2\/pages\/21"}],"collection":[{"href":"https:\/\/chraftwerkbrass.ch\/index.php?rest_route=\/wp\/v2\/pages"}],"about":[{"href":"https:\/\/chraftwerkbrass.ch\/index.php?rest_route=\/wp\/v2\/types\/page"}],"author":[{"embeddable":true,"href":"https:\/\/chraftwerkbrass.ch\/index.php?rest_route=\/wp\/v2\/users\/2"}],"replies":[{"embeddable":true,"href":"https:\/\/chraftwerkbrass.ch\/index.php?rest_route=%2Fwp%2Fv2%2Fcomments&post=21"}],"version-history":[{"count":3,"href":"https:\/\/chraftwerkbrass.ch\/index.php?rest_route=\/wp\/v2\/pages\/21\/revisions"}],"predecessor-version":[{"id":93,"href":"https:\/\/chraftwerkbrass.ch\/index.php?rest_route=\/wp\/v2\/pages\/21\/revisions\/93"}],"wp:attachment":[{"href":"https:\/\/chraftwerkbrass.ch\/index.php?rest_route=%2Fwp%2Fv2%2Fmedia&parent=21"}],"curies":[{"name":"wp","href":"https:\/\/api.w.org\/{rel}","templated":true}]}}